{"id":9989,"date":"2016-06-21T18:41:25","date_gmt":"2016-06-21T21:41:25","guid":{"rendered":"http:\/\/www.sosabelhas.com\/novo\/?page_id=9989"},"modified":"2020-02-27T17:22:48","modified_gmt":"2020-02-27T20:22:48","slug":"contato-remocao-colmeias-abelhas-marimbondos-vespas","status":"publish","type":"page","link":"https:\/\/www.sosabelhas.com\/novo\/contato-remocao-colmeias-abelhas-marimbondos-vespas\/","title":{"rendered":"Contato"},"content":{"rendered":"<p>[vc_row][vc_column][vc_row_inner][vc_column_inner width=&#8221;1\/2&#8243;][vc_column_text]<\/p>\n<p style=\"text-align: center;\">Entre em contato conosco pelo formul\u00e1rio ao lado.<\/p>\n<p style=\"text-align: center;\">Caso prefira, o contato tamb\u00e9m pode ser feito pelos telefones:<\/p>\n<h4 style=\"text-align: center;\">(11) 4221-6690 e 4421-8396.<\/h4>\n<p style=\"text-align: center;\">Agradecemos seu interesse!<\/p>\n<p style=\"text-align: center;\"><strong>Lojas<\/strong><\/p>\n<h3 style=\"text-align: center;\">Santo Andr\u00e9<\/h3>\n<p style=\"text-align: center;\">Alameda S\u00e3o Caetano, 1273 \u2013 Campestre<br \/>\n<i class=\"fa fa-phone\"><\/i>\u00a04421.8396<br \/>\n<a href=\"https:\/\/api.whatsapp.com\/send?phone=5511972329584\"><i class=\"fa fa-whatsapp\"><\/i>\u00a097232.9584<\/a><\/p>\n<h3 style=\"text-align: center;\">S\u00e3o Bernardo do Campo<\/h3>\n<p style=\"text-align: center;\">Rua Engenheiro Luiz La Scalla Juniir, 186 \u2013 Rudge Ramos<br \/>\n<a href=\"https:\/\/api.whatsapp.com\/send?phone=5511972329584\"><i class=\"fa fa-whatsapp\"><\/i>\u00a097232.9584<\/a><\/p>\n<h3 style=\"text-align: center;\">S\u00e3o Caetano do Sul<\/h3>\n<p style=\"text-align: center;\">Rua Alegre, 1261 \u2013 Barcelona (Ao lado da Academia Bluefit)<br \/>\n<a href=\"https:\/\/api.whatsapp.com\/send?phone=5511972329584\"><i class=\"fa fa-whatsapp\"><\/i>\u00a097232.9584<\/a><\/p>\n<p>[\/vc_column_text][\/vc_column_inner][vc_column_inner width=&#8221;1\/2&#8243;]\n<div class=\"wpcf7 no-js\" id=\"wpcf7-f5689-o1\" lang=\"en-US\" dir=\"ltr\">\n<div class=\"screen-reader-response\"><p role=\"status\" aria-live=\"polite\" aria-atomic=\"true\"><\/p> <ul><\/ul><\/div>\n<form action=\"\/novo\/wp-json\/wp\/v2\/pages\/9989#wpcf7-f5689-o1\" method=\"post\" class=\"wpcf7-form init\" aria-label=\"Contact form\" novalidate=\"novalidate\" data-status=\"init\">\n<div style=\"display: none;\">\n<input type=\"hidden\" name=\"_wpcf7\" value=\"5689\" \/>\n<input type=\"hidden\" name=\"_wpcf7_version\" value=\"5.7.5.1\" \/>\n<input type=\"hidden\" name=\"_wpcf7_locale\" value=\"en_US\" \/>\n<input type=\"hidden\" name=\"_wpcf7_unit_tag\" value=\"wpcf7-f5689-o1\" \/>\n<input type=\"hidden\" name=\"_wpcf7_container_post\" value=\"0\" \/>\n<input type=\"hidden\" name=\"_wpcf7_posted_data_hash\" value=\"\" \/>\n<input type=\"hidden\" name=\"_wpcf7_recaptcha_response\" value=\"\" \/>\n<\/div>\n<!-- name -->\n<div id=\"talk-business\">\n\t<div class=\"row\">\n\t\t<div class=\"col-sm-12\">\n\t\t\t<p class=\"talk-business-title\">Nome\n\t\t\t<\/p>\n\t\t\t<p><span class=\"wpcf7-form-control-wrap\" data-name=\"Name\"><input size=\"40\" class=\"wpcf7-form-control wpcf7-text style_contact_information\" aria-invalid=\"false\" value=\"\" type=\"text\" name=\"Name\" \/><\/span>\n\t\t\t<\/p>\n\t\t<\/div>\n\t<\/div>\n\n<!-- tel -->\n\t<div id=\"talk-business\">\n\t\t<div class=\"row\">\n\t\t\t<div class=\"col-sm-12\">\n\t\t\t\t<p class=\"talk-business-title\">Tel\n\t\t\t\t<\/p>\n\t\t\t\t<p><span class=\"wpcf7-form-control-wrap\" data-name=\"Tel\"><input size=\"40\" class=\"wpcf7-form-control wpcf7-text style_contact_information\" aria-invalid=\"false\" value=\"\" type=\"text\" name=\"Tel\" \/><\/span>\n\t\t\t\t<\/p>\n\t\t\t<\/div>\n\t\t<\/div>\n\n <!-- mail & subject -->\n\t\t<div class=\"row\">\n\t\t\t<div class=\"col-sm-6\">\n\t\t\t\t<p class=\"talk-business-title\">Email\n\t\t\t\t<\/p>\n\t\t\t\t<p><span class=\"wpcf7-form-control-wrap\" data-name=\"Email\"><input size=\"40\" class=\"wpcf7-form-control wpcf7-text wpcf7-email wpcf7-validates-as-email style_contact_information\" aria-invalid=\"false\" value=\"\" type=\"email\" name=\"Email\" \/><\/span>\n\t\t\t\t<\/p>\n\t\t\t<\/div>\n\t\t\t<div class=\"col-sm-6\">\n\t\t\t\t<p class=\"talk-business-title\">Assunto\n\t\t\t\t<\/p>\n\t\t\t\t<p><span class=\"wpcf7-form-control-wrap\" data-name=\"Subject\"><input size=\"40\" class=\"wpcf7-form-control wpcf7-text style_contact_information\" aria-invalid=\"false\" value=\"\" type=\"text\" name=\"Subject\" \/><\/span>\n\t\t\t\t<\/p>\n\t\t\t<\/div>\n\t\t<\/div>\n\n <!-- text area -->\n\t\t<div class=\"row\">\n\t\t\t<div class=\"col-sm-12\">\n\t\t\t\t<p class=\"talk-business-title\">Mensagem\n\t\t\t\t<\/p>\n\t\t\t\t<p><span class=\"wpcf7-form-control-wrap\" data-name=\"Textarea\"><textarea cols=\"40\" rows=\"10\" class=\"wpcf7-form-control wpcf7-textarea style_contact_information\" aria-invalid=\"false\" name=\"Textarea\"><\/textarea><\/span>\n\t\t\t\t<\/p>\n\t\t\t<\/div>\n\t\t<\/div>\n\t\t<div class=\"row\">\n\t\t\t<div class=\"col-sm-12\">\n\t\t\t\t<p class=\"talk-business-title\">Mensagem\n\t\t\t\t<\/p>\n\t\t\t\n\t\t\t<\/div>\n\t\t<\/div>\n\n <!-- btns -->\n\t\t<div class=\"row contact_information_btns\">\n\t\t\t<div class=\"col-sm-3\">\n\t\t\t<\/div>\n\t\t\n\t\t\t<div class=\"col-sm-6\">\n\t\t\t\t<p><input class=\"wpcf7-form-control has-spinner wpcf7-submit host-btn-form\" type=\"submit\" value=\"ENVIAR\" \/>\n\t\t\t\t<\/p>\n\t\t\t<\/div>\n\t\t\t<div class=\"col-sm-3\">\n\t\t\t<\/div>\n\t\t<\/div>\n\t<\/div>\n<\/div><div class=\"wpcf7-response-output\" aria-hidden=\"true\"><\/div>\n<\/form>\n<\/div>\n[\/vc_column_inner][\/vc_row_inner]<hr class=\"vertical-space2\">[vc_column_text]<iframe loading=\"lazy\" style=\"border: 0;\" src=\"https:\/\/www.google.com\/maps\/embed?pb=!1m18!1m12!1m3!1d3654.8303306279377!2d-46.552391984935646!3d-23.646246584640807!2m3!1f0!2f0!3f0!3m2!1i1024!2i768!4f13.1!3m3!1m2!1s0x94ce42d960e15229%3A0xcc67b6977121405!2sAlameda+S%C3%A3o+Caetano%2C+1273+-+Jardim%2C+Santo+Andr%C3%A9+-+SP%2C+09070-210!5e0!3m2!1spt-BR!2sbr!4v1511811994332\" width=\"1246\" height=\"400\" frameborder=\"0\" allowfullscreen=\"allowfullscreen\"><\/iframe>[\/vc_column_text][\/vc_column][\/vc_row]<\/p>\n","protected":false},"excerpt":{"rendered":"<p>[vc_row][vc_column][vc_row_inner][vc_column_inner width=&#8221;1\/2&#8243;][vc_column_text] Entre em contato conosco pelo formul\u00e1rio ao lado. Caso prefira, o contato tamb\u00e9m pode ser feito pelos telefones: (11) 4221-6690 e 4421-8396. Agradecemos seu interesse! Lojas Santo Andr\u00e9 Alameda S\u00e3o Caetano, 1273 \u2013 Campestre \u00a04421.8396 \u00a097232.9584 S\u00e3o Bernardo do Campo Rua Engenheiro Luiz La Scalla Juniir, 186 \u2013 Rudge Ramos \u00a097232.9584 S\u00e3o Caetano do Sul Rua Alegre, 1261 \u2013 Barcelona (Ao lado da Academia Bluefit) \u00a097232.9584 [\/vc_column_text][\/vc_column_inner][vc_column_inner width=&#8221;1\/2&#8243;][\/vc_column_inner][\/vc_row_inner][vc_column_text][\/vc_column_text][\/vc_column][\/vc_row]<\/p>\n","protected":false},"author":1,"featured_media":0,"parent":0,"menu_order":0,"comment_status":"closed","ping_status":"closed","template":"","meta":[],"_links":{"self":[{"href":"https:\/\/www.sosabelhas.com\/novo\/wp-json\/wp\/v2\/pages\/9989"}],"collection":[{"href":"https:\/\/www.sosabelhas.com\/novo\/wp-json\/wp\/v2\/pages"}],"about":[{"href":"https:\/\/www.sosabelhas.com\/novo\/wp-json\/wp\/v2\/types\/page"}],"author":[{"embeddable":true,"href":"https:\/\/www.sosabelhas.com\/novo\/wp-json\/wp\/v2\/users\/1"}],"replies":[{"embeddable":true,"href":"https:\/\/www.sosabelhas.com\/novo\/wp-json\/wp\/v2\/comments?post=9989"}],"version-history":[{"count":18,"href":"https:\/\/www.sosabelhas.com\/novo\/wp-json\/wp\/v2\/pages\/9989\/revisions"}],"predecessor-version":[{"id":10131,"href":"https:\/\/www.sosabelhas.com\/novo\/wp-json\/wp\/v2\/pages\/9989\/revisions\/10131"}],"wp:attachment":[{"href":"https:\/\/www.sosabelhas.com\/novo\/wp-json\/wp\/v2\/media?parent=9989"}],"curies":[{"name":"wp","href":"https:\/\/api.w.org\/{rel}","templated":true}]}}