{"id":9949,"date":"2016-06-21T18:12:19","date_gmt":"2016-06-21T21:12:19","guid":{"rendered":"http:\/\/www.sosabelhas.com\/novo\/?page_id=9949"},"modified":"2016-06-21T18:14:18","modified_gmt":"2016-06-21T21:14:18","slug":"blog-abelhas-remocao-colmeias","status":"publish","type":"page","link":"https:\/\/www.sosabelhas.com\/novo\/blog-abelhas-remocao-colmeias\/","title":{"rendered":"Blog"},"content":{"rendered":"<p>[vc_row blox_class=&#8221;brdr-b1e&#8221;][vc_column]<section id=\"main-content-pin\"><div class=\"container\"><div id=\"pin-content\"><article  class=\"pin-box entry -item\">\n\n\n<div class=\"img-item\">\n <a href=\"https:\/\/www.sosabelhas.com\/novo\/sos-abelhas-em-destaque-no-programa-fala-brasil-da-rede-record-de-televisao\/\" title=\"SOS Abelhas em destaque no programa Fala Brasil, da rede Record de televis\u00e3o\"><img src=\"https:\/\/www.sosabelhas.com\/novo\/wp-content\/uploads\/2023\/03\/pexels-photo-11334361.jpeg\" alt=\"Remo\u00e7\u00e3o de colm\u00e9ias de abelhas, vespas e marimbondos na Alves Dias\" class=\"landscape full\" width=\"1200\" height=\"627\" \/><\/a><\/div>\n<div class=\"pin-ecxt\">\n\t<h6 class=\"blog-cat\"><a href=\"https:\/\/www.sosabelhas.com\/novo\/category\/blog\/\" rel=\"category tag\">Blog<\/a> <\/h6>\n\t<h4><a href=\"https:\/\/www.sosabelhas.com\/novo\/sos-abelhas-em-destaque-no-programa-fala-brasil-da-rede-record-de-televisao\/\">SOS Abelhas em destaque no programa Fala Brasil, da rede Record de televis\u00e3o<\/a><\/h4>\n<p><\/p><\/div>\n\t\t\t\t<div class=\"pin-ecxt2\">\n\t\t\t\t\t<div class=\"col1-3\"><i class=\"fa-comment-o\"><\/i><span>0<\/span><\/div>\n\t\t\t\t\t<div class=\"col1-3\"><img alt='' src='https:\/\/secure.gravatar.com\/avatar\/bca576656cb5fb580fb624df9c3671b6?s=90&#038;d=mm&#038;r=g' srcset='https:\/\/secure.gravatar.com\/avatar\/bca576656cb5fb580fb624df9c3671b6?s=180&#038;d=mm&#038;r=g 2x' class='avatar avatar-90 photo' height='90' width='90' loading='lazy' decoding='async'\/><p><a href=\"https:\/\/www.sosabelhas.com\/novo\/author\/toninho_das_abelhas\/\" title=\"Posts de toninho_das_abelhas\" rel=\"author\">toninho_das_abelhas<\/a><\/p><\/div>\n\t\t\t\t\t<div class=\"col1-3\"><h6 class=\"blog-date\"><a href=\"https:\/\/www.sosabelhas.com\/novo\/sos-abelhas-em-destaque-no-programa-fala-brasil-da-rede-record-de-televisao\/\">07 jul 2025<\/a><\/h6><\/div>\n\t\t\t\t<\/div> <!-- end pin-ecxt2 -->\n\n<\/article><article  class=\"pin-box entry -item\">\n\n\n<div class=\"img-item\">\n <a href=\"https:\/\/www.sosabelhas.com\/novo\/policia-desmantela-fabrica-clandestina-de-mel-falsificado-em-sp-veja-como-identificar-o-verdadeiro\/\" title=\"Pol\u00edcia desmantela f\u00e1brica clandestina de mel falsificado em SP; veja como identificar o verdadeiro\"><img src=\"https:\/\/www.sosabelhas.com\/novo\/wp-content\/uploads\/2023\/03\/pexels-photo-12147261.jpeg\" alt=\"Remo\u00e7\u00e3o de colm\u00e9ias de abelhas, vespas e marimbondos na Centro de S\u00e3o Bernardo do Campo\" class=\"landscape full\" width=\"1200\" height=\"627\" \/><\/a><\/div>\n<div class=\"pin-ecxt\">\n\t<h6 class=\"blog-cat\"><a href=\"https:\/\/www.sosabelhas.com\/novo\/category\/blog\/\" rel=\"category tag\">Blog<\/a> <\/h6>\n\t<h4><a href=\"https:\/\/www.sosabelhas.com\/novo\/policia-desmantela-fabrica-clandestina-de-mel-falsificado-em-sp-veja-como-identificar-o-verdadeiro\/\">Pol\u00edcia desmantela f\u00e1brica clandestina de mel falsificado em SP; veja como identificar o verdadeiro<\/a><\/h4>\n<p>A pol\u00edcia descobriu um galp\u00e3o em Santana de Parna\u00edba, Grande S\u00e3o Paulo, onde um homem fabricava mel falsificado a partir de a\u00e7\u00facar e ingredientes de baixa qualidade. O suspeito confessou...<\/p><\/div>\n\t\t\t\t<div class=\"pin-ecxt2\">\n\t\t\t\t\t<div class=\"col1-3\"><i class=\"fa-comment-o\"><\/i><span>0<\/span><\/div>\n\t\t\t\t\t<div class=\"col1-3\"><img alt='' src='https:\/\/secure.gravatar.com\/avatar\/bca576656cb5fb580fb624df9c3671b6?s=90&#038;d=mm&#038;r=g' srcset='https:\/\/secure.gravatar.com\/avatar\/bca576656cb5fb580fb624df9c3671b6?s=180&#038;d=mm&#038;r=g 2x' class='avatar avatar-90 photo' height='90' width='90' loading='lazy' decoding='async'\/><p><a href=\"https:\/\/www.sosabelhas.com\/novo\/author\/toninho_das_abelhas\/\" title=\"Posts de toninho_das_abelhas\" rel=\"author\">toninho_das_abelhas<\/a><\/p><\/div>\n\t\t\t\t\t<div class=\"col1-3\"><h6 class=\"blog-date\"><a href=\"https:\/\/www.sosabelhas.com\/novo\/policia-desmantela-fabrica-clandestina-de-mel-falsificado-em-sp-veja-como-identificar-o-verdadeiro\/\">10 jan 2025<\/a><\/h6><\/div>\n\t\t\t\t<\/div> <!-- end pin-ecxt2 -->\n\n<\/article><article  class=\"pin-box entry -item\">\n\n\n<div class=\"img-item\">\n <a href=\"https:\/\/www.sosabelhas.com\/novo\/sos-abelhas-e-destaque-no-balanco-geral-da-record\/\" title=\"SOS Abelhas \u00e9 destaque no Balan\u00e7o Geral, da RECORD\"><img src=\"https:\/\/www.sosabelhas.com\/novo\/wp-content\/uploads\/2024\/01\/mqdefault-1.jpg\" alt=\"SOS Abelhas \u00e9 destaque no Balan\u00e7o Geral, da RECORD\" class=\"landscape full\" width=\"320\" height=\"180\" \/><\/a><\/div>\n<div class=\"pin-ecxt\">\n\t<h6 class=\"blog-cat\"><a href=\"https:\/\/www.sosabelhas.com\/novo\/category\/blog\/\" rel=\"category tag\">Blog<\/a> <\/h6>\n\t<h4><a href=\"https:\/\/www.sosabelhas.com\/novo\/sos-abelhas-e-destaque-no-balanco-geral-da-record\/\">SOS Abelhas \u00e9 destaque no Balan\u00e7o Geral, da RECORD<\/a><\/h4>\n<p><\/p><\/div>\n\t\t\t\t<div class=\"pin-ecxt2\">\n\t\t\t\t\t<div class=\"col1-3\"><i class=\"fa-comment-o\"><\/i><span>0<\/span><\/div>\n\t\t\t\t\t<div class=\"col1-3\"><img alt='' src='https:\/\/secure.gravatar.com\/avatar\/bca576656cb5fb580fb624df9c3671b6?s=90&#038;d=mm&#038;r=g' srcset='https:\/\/secure.gravatar.com\/avatar\/bca576656cb5fb580fb624df9c3671b6?s=180&#038;d=mm&#038;r=g 2x' class='avatar avatar-90 photo' height='90' width='90' loading='lazy' decoding='async'\/><p><a href=\"https:\/\/www.sosabelhas.com\/novo\/author\/toninho_das_abelhas\/\" title=\"Posts de toninho_das_abelhas\" rel=\"author\">toninho_das_abelhas<\/a><\/p><\/div>\n\t\t\t\t\t<div class=\"col1-3\"><h6 class=\"blog-date\"><a href=\"https:\/\/www.sosabelhas.com\/novo\/sos-abelhas-e-destaque-no-balanco-geral-da-record\/\">30 jan 2024<\/a><\/h6><\/div>\n\t\t\t\t<\/div> <!-- end pin-ecxt2 -->\n\n<\/article><article  class=\"pin-box entry -item\">\n\n\n<div class=\"img-item\">\n <a href=\"https:\/\/www.sosabelhas.com\/novo\/acidentes-com-abelhas-crescem-24-em-2022-no-brasil\/\" title=\"Acidentes com abelhas crescem 24% em 2022 no Brasil\"><img src=\"https:\/\/www.sosabelhas.com\/novo\/wp-content\/uploads\/2023\/03\/pexels-photo-4247118.jpeg\" alt=\"Remo\u00e7\u00e3o de colm\u00e9ias de abelhas, vespas e marimbondos na Campestre\" class=\"landscape full\" width=\"1200\" height=\"627\" \/><\/a><\/div>\n<div class=\"pin-ecxt\">\n\t<h6 class=\"blog-cat\"><a href=\"https:\/\/www.sosabelhas.com\/novo\/category\/blog\/\" rel=\"category tag\">Blog<\/a> <\/h6>\n\t<h4><a href=\"https:\/\/www.sosabelhas.com\/novo\/acidentes-com-abelhas-crescem-24-em-2022-no-brasil\/\">Acidentes com abelhas crescem 24% em 2022 no Brasil<\/a><\/h4>\n<p>As mortes pela picada do inseto tiveram alta de 64%. Este ano n\u00e3o teve \u00f3bito, mas j\u00e1 foram registrados 193 ataques. O desmatamento e o uso indiscriminado de agrot\u00f3xicos est\u00e3o...<\/p><\/div>\n\t\t\t\t<div class=\"pin-ecxt2\">\n\t\t\t\t\t<div class=\"col1-3\"><i class=\"fa-comment-o\"><\/i><span>0<\/span><\/div>\n\t\t\t\t\t<div class=\"col1-3\"><img alt='' src='https:\/\/secure.gravatar.com\/avatar\/bca576656cb5fb580fb624df9c3671b6?s=90&#038;d=mm&#038;r=g' srcset='https:\/\/secure.gravatar.com\/avatar\/bca576656cb5fb580fb624df9c3671b6?s=180&#038;d=mm&#038;r=g 2x' class='avatar avatar-90 photo' height='90' width='90' loading='lazy' decoding='async'\/><p><a href=\"https:\/\/www.sosabelhas.com\/novo\/author\/toninho_das_abelhas\/\" title=\"Posts de toninho_das_abelhas\" rel=\"author\">toninho_das_abelhas<\/a><\/p><\/div>\n\t\t\t\t\t<div class=\"col1-3\"><h6 class=\"blog-date\"><a href=\"https:\/\/www.sosabelhas.com\/novo\/acidentes-com-abelhas-crescem-24-em-2022-no-brasil\/\">07 maio 2023<\/a><\/h6><\/div>\n\t\t\t\t<\/div> <!-- end pin-ecxt2 -->\n\n<\/article><article  class=\"pin-box entry -item\">\n\n\n<div class=\"img-item\">\n <a href=\"https:\/\/www.sosabelhas.com\/novo\/projeto-mosaico-sustentavel-na-sos-abelha\/\" title=\"Projeto Mosaico Sustent\u00e1vel na SOS Abelha!\"><img src=\"https:\/\/www.sosabelhas.com\/novo\/wp-content\/uploads\/2023\/03\/indice.jpg\" alt=\"Projeto Mosaico Sustent\u00e1vel na SOS Abelha!\" class=\"landscape full\" width=\"990\" height=\"990\" \/><\/a><\/div>\n<div class=\"pin-ecxt\">\n\t<h6 class=\"blog-cat\"><a href=\"https:\/\/www.sosabelhas.com\/novo\/category\/blog\/\" rel=\"category tag\">Blog<\/a> <\/h6>\n\t<h4><a href=\"https:\/\/www.sosabelhas.com\/novo\/projeto-mosaico-sustentavel-na-sos-abelha\/\">Projeto Mosaico Sustent\u00e1vel na SOS Abelha!<\/a><\/h4>\n<p><\/p><\/div>\n\t\t\t\t<div class=\"pin-ecxt2\">\n\t\t\t\t\t<div class=\"col1-3\"><i class=\"fa-comment-o\"><\/i><span>0<\/span><\/div>\n\t\t\t\t\t<div class=\"col1-3\"><img alt='' src='https:\/\/secure.gravatar.com\/avatar\/bca576656cb5fb580fb624df9c3671b6?s=90&#038;d=mm&#038;r=g' srcset='https:\/\/secure.gravatar.com\/avatar\/bca576656cb5fb580fb624df9c3671b6?s=180&#038;d=mm&#038;r=g 2x' class='avatar avatar-90 photo' height='90' width='90' loading='lazy' decoding='async'\/><p><a href=\"https:\/\/www.sosabelhas.com\/novo\/author\/toninho_das_abelhas\/\" title=\"Posts de toninho_das_abelhas\" rel=\"author\">toninho_das_abelhas<\/a><\/p><\/div>\n\t\t\t\t\t<div class=\"col1-3\"><h6 class=\"blog-date\"><a href=\"https:\/\/www.sosabelhas.com\/novo\/projeto-mosaico-sustentavel-na-sos-abelha\/\">30 mar 2023<\/a><\/h6><\/div>\n\t\t\t\t<\/div> <!-- end pin-ecxt2 -->\n\n<\/article><article  class=\"pin-box entry -item\">\n\n\n<div class=\"img-item\">\n <a href=\"https:\/\/www.sosabelhas.com\/novo\/inauguracao-de-meliponarios-reune-300-pessoas-no-jardim-botanico-de-diadema\/\" title=\"Inaugura\u00e7\u00e3o de melipon\u00e1rios re\u00fane 300 pessoas no Jardim Bot\u00e2nico de Diadema\"><img src=\"https:\/\/www.sosabelhas.com\/novo\/wp-content\/uploads\/2023\/03\/pexels-photo-207189.jpeg\" alt=\"Remo\u00e7\u00e3o de colm\u00e9ias de abelhas, vespas e marimbondos na Dos Alvarenga\" class=\"landscape full\" width=\"1200\" height=\"627\" \/><\/a><\/div>\n<div class=\"pin-ecxt\">\n\t<h6 class=\"blog-cat\"><a href=\"https:\/\/www.sosabelhas.com\/novo\/category\/blog\/\" rel=\"category tag\">Blog<\/a> <\/h6>\n\t<h4><a href=\"https:\/\/www.sosabelhas.com\/novo\/inauguracao-de-meliponarios-reune-300-pessoas-no-jardim-botanico-de-diadema\/\">Inaugura\u00e7\u00e3o de melipon\u00e1rios re\u00fane 300 pessoas no Jardim Bot\u00e2nico de Diadema<\/a><\/h4>\n<p>Diadema\u00a0recebeu na manh\u00e3 do domingo, dia 5 de fevereiro, mais uma a\u00e7\u00e3o em prol do\u00a0meio ambiente. A\u00a0Prefeitura de Diadema, por meio da Secretaria Municipal de Meio Ambiente e Servi\u00e7os Urbanos,...<\/p><\/div>\n\t\t\t\t<div class=\"pin-ecxt2\">\n\t\t\t\t\t<div class=\"col1-3\"><i class=\"fa-comment-o\"><\/i><span>0<\/span><\/div>\n\t\t\t\t\t<div class=\"col1-3\"><img alt='' src='https:\/\/secure.gravatar.com\/avatar\/bca576656cb5fb580fb624df9c3671b6?s=90&#038;d=mm&#038;r=g' srcset='https:\/\/secure.gravatar.com\/avatar\/bca576656cb5fb580fb624df9c3671b6?s=180&#038;d=mm&#038;r=g 2x' class='avatar avatar-90 photo' height='90' width='90' loading='lazy' decoding='async'\/><p><a href=\"https:\/\/www.sosabelhas.com\/novo\/author\/toninho_das_abelhas\/\" title=\"Posts de toninho_das_abelhas\" rel=\"author\">toninho_das_abelhas<\/a><\/p><\/div>\n\t\t\t\t\t<div class=\"col1-3\"><h6 class=\"blog-date\"><a href=\"https:\/\/www.sosabelhas.com\/novo\/inauguracao-de-meliponarios-reune-300-pessoas-no-jardim-botanico-de-diadema\/\">28 mar 2023<\/a><\/h6><\/div>\n\t\t\t\t<\/div> <!-- end pin-ecxt2 -->\n\n<\/article><article  class=\"pin-box entry -item\">\n\n\n<div class=\"img-item\">\n <a href=\"https:\/\/www.sosabelhas.com\/novo\/1o-forum-das-abelhas-reuniu-especialistas-sobre-o-assunto-em-cotia\/\" title=\"1\u00ba F\u00f3rum Das Abelhas reuniu especialistas sobre o assunto em Cotia\"><img src=\"https:\/\/www.sosabelhas.com\/novo\/wp-content\/uploads\/2023\/03\/pexels-photo-14262162.jpeg\" alt=\"Remo\u00e7\u00e3o de colm\u00e9ias de abelhas, vespas e marimbondos na Demarchi\" class=\"landscape full\" width=\"1200\" height=\"627\" \/><\/a><\/div>\n<div class=\"pin-ecxt\">\n\t<h6 class=\"blog-cat\"><a href=\"https:\/\/www.sosabelhas.com\/novo\/category\/blog\/\" rel=\"category tag\">Blog<\/a> <\/h6>\n\t<h4><a href=\"https:\/\/www.sosabelhas.com\/novo\/1o-forum-das-abelhas-reuniu-especialistas-sobre-o-assunto-em-cotia\/\">1\u00ba F\u00f3rum Das Abelhas reuniu especialistas sobre o assunto em Cotia<\/a><\/h4>\n<p>Servidores das Secretarias do Verde e do Meio Ambiente, da Habita\u00e7\u00e3o, da Sa\u00fade e a popula\u00e7\u00e3o em geral marcaram presen\u00e7a no \u20181\u00ba F\u00f3rum Sobre Abelhas Nativas de Cotia\u2019 que aconteceu...<\/p><\/div>\n\t\t\t\t<div class=\"pin-ecxt2\">\n\t\t\t\t\t<div class=\"col1-3\"><i class=\"fa-comment-o\"><\/i><span>0<\/span><\/div>\n\t\t\t\t\t<div class=\"col1-3\"><img alt='' src='https:\/\/secure.gravatar.com\/avatar\/bca576656cb5fb580fb624df9c3671b6?s=90&#038;d=mm&#038;r=g' srcset='https:\/\/secure.gravatar.com\/avatar\/bca576656cb5fb580fb624df9c3671b6?s=180&#038;d=mm&#038;r=g 2x' class='avatar avatar-90 photo' height='90' width='90' loading='lazy' decoding='async'\/><p><a href=\"https:\/\/www.sosabelhas.com\/novo\/author\/toninho_das_abelhas\/\" title=\"Posts de toninho_das_abelhas\" rel=\"author\">toninho_das_abelhas<\/a><\/p><\/div>\n\t\t\t\t\t<div class=\"col1-3\"><h6 class=\"blog-date\"><a href=\"https:\/\/www.sosabelhas.com\/novo\/1o-forum-das-abelhas-reuniu-especialistas-sobre-o-assunto-em-cotia\/\">25 mar 2023<\/a><\/h6><\/div>\n\t\t\t\t<\/div> <!-- end pin-ecxt2 -->\n\n<\/article><article  class=\"pin-box entry -item\">\n\n\n<div class=\"img-item\">\n <a href=\"https:\/\/www.sosabelhas.com\/novo\/outdoors-do-mcdonalds-vao-se-tornar-hoteis-para-abelhas-na-suecia\/\" title=\"Outdoors do McDonalds v\u00e3o se tornar &quot;hot\u00e9is&quot; para abelhas na Su\u00e9cia.\"><img src=\"https:\/\/www.sosabelhas.com\/novo\/wp-content\/uploads\/2019\/09\/hoteis-para-abelhas-no-mcdonalds-sueco.jpg\" alt=\"Outdoors do McDonalds v\u00e3o se tornar &quot;hot\u00e9is&quot; para abelhas na Su\u00e9cia.\" class=\"landscape full\" width=\"640\" height=\"366\" \/><\/a><\/div>\n<div class=\"pin-ecxt\">\n\t<h6 class=\"blog-cat\"><a href=\"https:\/\/www.sosabelhas.com\/novo\/category\/blog\/\" rel=\"category tag\">Blog<\/a> <\/h6>\n\t<h4><a href=\"https:\/\/www.sosabelhas.com\/novo\/outdoors-do-mcdonalds-vao-se-tornar-hoteis-para-abelhas-na-suecia\/\">Outdoors do McDonalds v\u00e3o se tornar &#8220;hot\u00e9is&#8221; para abelhas na Su\u00e9cia.<\/a><\/h4>\n<p>O McDonald&#8217;s sueco inicia um projeto muito interessante para ajudar as abelhas! Diversas placas com an\u00fancios da rede v\u00e3o receber &#8220;hot\u00e9is&#8221; para nossas amigas polinizadoras! Os an\u00fancios v\u00e3o contar com...<\/p><\/div>\n\t\t\t\t<div class=\"pin-ecxt2\">\n\t\t\t\t\t<div class=\"col1-3\"><i class=\"fa-comment-o\"><\/i><span>0<\/span><\/div>\n\t\t\t\t\t<div class=\"col1-3\"><img alt='' src='https:\/\/secure.gravatar.com\/avatar\/bca576656cb5fb580fb624df9c3671b6?s=90&#038;d=mm&#038;r=g' srcset='https:\/\/secure.gravatar.com\/avatar\/bca576656cb5fb580fb624df9c3671b6?s=180&#038;d=mm&#038;r=g 2x' class='avatar avatar-90 photo' height='90' width='90' loading='lazy' decoding='async'\/><p><a href=\"https:\/\/www.sosabelhas.com\/novo\/author\/toninho_das_abelhas\/\" title=\"Posts de toninho_das_abelhas\" rel=\"author\">toninho_das_abelhas<\/a><\/p><\/div>\n\t\t\t\t\t<div class=\"col1-3\"><h6 class=\"blog-date\"><a href=\"https:\/\/www.sosabelhas.com\/novo\/outdoors-do-mcdonalds-vao-se-tornar-hoteis-para-abelhas-na-suecia\/\">16 set 2019<\/a><\/h6><\/div>\n\t\t\t\t<\/div> <!-- end pin-ecxt2 -->\n\n<\/article><article  class=\"pin-box entry -item\">\n\n\n<div class=\"img-item\">\n <a href=\"https:\/\/www.sosabelhas.com\/novo\/franca-proibe-pesticidas-que-matam-abelhas\/\" title=\"Fran\u00e7a pro\u00edbe pesticidas que matam abelhas!\"><img src=\"https:\/\/www.sosabelhas.com\/novo\/wp-content\/uploads\/2019\/06\/franca-proibe-todos-pesticidas-que-matam-abelhas.jpg\" alt=\"Fran\u00e7a pro\u00edbe pesticidas que matam abelhas!\" class=\"landscape full\" width=\"640\" height=\"366\" \/><\/a><\/div>\n<div class=\"pin-ecxt\">\n\t<h6 class=\"blog-cat\"><a href=\"https:\/\/www.sosabelhas.com\/novo\/category\/blog\/\" rel=\"category tag\">Blog<\/a> <\/h6>\n\t<h4><a href=\"https:\/\/www.sosabelhas.com\/novo\/franca-proibe-pesticidas-que-matam-abelhas\/\">Fran\u00e7a pro\u00edbe pesticidas que matam abelhas!<\/a><\/h4>\n<p>A Fran\u00e7a \u00e9 o 1\u00ba pa\u00eds no mundo a proibir a utiliza\u00e7\u00e3o dos 5 pesticidas neonicotin\u00f3ides que segundo pesquisadores s\u00e3o respons\u00e1veis pelo colapso das popula\u00e7\u00f5es de abelhas. Introduzido em meados...<\/p><\/div>\n\t\t\t\t<div class=\"pin-ecxt2\">\n\t\t\t\t\t<div class=\"col1-3\"><i class=\"fa-comment-o\"><\/i><span>0<\/span><\/div>\n\t\t\t\t\t<div class=\"col1-3\"><img alt='' src='https:\/\/secure.gravatar.com\/avatar\/bca576656cb5fb580fb624df9c3671b6?s=90&#038;d=mm&#038;r=g' srcset='https:\/\/secure.gravatar.com\/avatar\/bca576656cb5fb580fb624df9c3671b6?s=180&#038;d=mm&#038;r=g 2x' class='avatar avatar-90 photo' height='90' width='90' loading='lazy' decoding='async'\/><p><a href=\"https:\/\/www.sosabelhas.com\/novo\/author\/toninho_das_abelhas\/\" title=\"Posts de toninho_das_abelhas\" rel=\"author\">toninho_das_abelhas<\/a><\/p><\/div>\n\t\t\t\t\t<div class=\"col1-3\"><h6 class=\"blog-date\"><a href=\"https:\/\/www.sosabelhas.com\/novo\/franca-proibe-pesticidas-que-matam-abelhas\/\">19 jun 2019<\/a><\/h6><\/div>\n\t\t\t\t<\/div> <!-- end pin-ecxt2 -->\n\n<\/article><article  class=\"pin-box entry -item\">\n\n\n<div class=\"img-item\">\n <a href=\"https:\/\/www.sosabelhas.com\/novo\/flores-escutam-o-zum-zum-zum-das-abelhas\/\" title=\"Flores escutam o zum-zum-zum das abelhas\"><img src=\"https:\/\/www.sosabelhas.com\/novo\/wp-content\/uploads\/2019\/05\/zumbido-abelhas-plantas.jpg\" alt=\"Flores escutam o zum-zum-zum das abelhas\" class=\"landscape full\" width=\"640\" height=\"366\" \/><\/a><\/div>\n<div class=\"pin-ecxt\">\n\t<h6 class=\"blog-cat\"><a href=\"https:\/\/www.sosabelhas.com\/novo\/category\/blog\/\" rel=\"category tag\">Blog<\/a> <\/h6>\n\t<h4><a href=\"https:\/\/www.sosabelhas.com\/novo\/flores-escutam-o-zum-zum-zum-das-abelhas\/\">Flores escutam o zum-zum-zum das abelhas<\/a><\/h4>\n<p>L\u00e1 vai mais um ponto para a intelig\u00eancia das plantas: n\u00e3o s\u00f3 escutam, como produzem um n\u00e9ctar mais doce quando elas est\u00e3o por perto. J\u00e1 dizia a m\u00fasica de Marvin...<\/p><\/div>\n\t\t\t\t<div class=\"pin-ecxt2\">\n\t\t\t\t\t<div class=\"col1-3\"><i class=\"fa-comment-o\"><\/i><span>0<\/span><\/div>\n\t\t\t\t\t<div class=\"col1-3\"><img alt='' src='https:\/\/secure.gravatar.com\/avatar\/bca576656cb5fb580fb624df9c3671b6?s=90&#038;d=mm&#038;r=g' srcset='https:\/\/secure.gravatar.com\/avatar\/bca576656cb5fb580fb624df9c3671b6?s=180&#038;d=mm&#038;r=g 2x' class='avatar avatar-90 photo' height='90' width='90' loading='lazy' decoding='async'\/><p><a href=\"https:\/\/www.sosabelhas.com\/novo\/author\/toninho_das_abelhas\/\" title=\"Posts de toninho_das_abelhas\" rel=\"author\">toninho_das_abelhas<\/a><\/p><\/div>\n\t\t\t\t\t<div class=\"col1-3\"><h6 class=\"blog-date\"><a href=\"https:\/\/www.sosabelhas.com\/novo\/flores-escutam-o-zum-zum-zum-das-abelhas\/\">22 maio 2019<\/a><\/h6><\/div>\n\t\t\t\t<\/div> <!-- end pin-ecxt2 -->\n\n<\/article><\/div><div class='wp-pagenavi' role='navigation'>\n<span class='pages'>P\u00e1gina 1 de 3<\/span><span aria-current='page' class='current'>1<\/span><a class=\"page larger\" title=\"P\u00e1gina 2\" href=\"https:\/\/www.sosabelhas.com\/novo\/wp-json\/wp\/v2\/pages\/9949\/page\/2\/\">2<\/a><a class=\"page larger\" title=\"P\u00e1gina 3\" href=\"https:\/\/www.sosabelhas.com\/novo\/wp-json\/wp\/v2\/pages\/9949\/page\/3\/\">3<\/a><a class=\"nextpostslink\" rel=\"next\" aria-label=\"Next Page\" href=\"https:\/\/www.sosabelhas.com\/novo\/wp-json\/wp\/v2\/pages\/9949\/page\/2\/\">&raquo;<\/a>\n<\/div><hr class=\"vertical-space2\">[\/vc_column][\/vc_row]<\/p>\n","protected":false},"excerpt":{"rendered":"<p>[vc_row blox_class=&#8221;brdr-b1e&#8221;][vc_column][\/vc_column][\/vc_row]<\/p>\n","protected":false},"author":1,"featured_media":0,"parent":0,"menu_order":0,"comment_status":"closed","ping_status":"closed","template":"","meta":[],"_links":{"self":[{"href":"https:\/\/www.sosabelhas.com\/novo\/wp-json\/wp\/v2\/pages\/9949"}],"collection":[{"href":"https:\/\/www.sosabelhas.com\/novo\/wp-json\/wp\/v2\/pages"}],"about":[{"href":"https:\/\/www.sosabelhas.com\/novo\/wp-json\/wp\/v2\/types\/page"}],"author":[{"embeddable":true,"href":"https:\/\/www.sosabelhas.com\/novo\/wp-json\/wp\/v2\/users\/1"}],"replies":[{"embeddable":true,"href":"https:\/\/www.sosabelhas.com\/novo\/wp-json\/wp\/v2\/comments?post=9949"}],"version-history":[{"count":3,"href":"https:\/\/www.sosabelhas.com\/novo\/wp-json\/wp\/v2\/pages\/9949\/revisions"}],"predecessor-version":[{"id":9962,"href":"https:\/\/www.sosabelhas.com\/novo\/wp-json\/wp\/v2\/pages\/9949\/revisions\/9962"}],"wp:attachment":[{"href":"https:\/\/www.sosabelhas.com\/novo\/wp-json\/wp\/v2\/media?parent=9949"}],"curies":[{"name":"wp","href":"https:\/\/api.w.org\/{rel}","templated":true}]}}