{"id":9916,"date":"2016-06-21T16:47:19","date_gmt":"2016-06-21T19:47:19","guid":{"rendered":"http:\/\/www.sosabelhas.com\/novo\/?page_id=9916"},"modified":"2019-01-28T14:57:24","modified_gmt":"2019-01-28T16:57:24","slug":"toninho-das-abelhas-remocao-colmeias","status":"publish","type":"page","link":"https:\/\/www.sosabelhas.com\/novo\/toninho-das-abelhas-remocao-colmeias\/","title":{"rendered":"Quem Somos"},"content":{"rendered":"<p>[vc_row blox_class=&#8221;brdr-b1e&#8221;][vc_column][vc_row_inner][vc_column_inner width=&#8221;1\/2&#8243;][vc_column_text]<\/p>\n<p style=\"text-align: justify;\">A <strong>SOS Abelhas<\/strong> foi fundada em 1984\u00a0anos pelo apicultor <strong>Ant\u00f4nio Padovani Junior<\/strong> (<em>Toninho das Abelhas<\/em>).<\/p>\n<p style=\"text-align: justify;\">Somos especializados na captura e remo\u00e7\u00e3o de colm\u00e9ias de abelhas, ninhos de vespas, marimbondos e morcegos de locais impr\u00f3prios em toda Grande S\u00e3o Paulo e adjac\u00eancias.<\/p>\n<p>Todos os procedimentos s\u00e3o realizados sem ocasionar ou promover nenhum dano aos insetos e ao meio ambiente.<\/p>\n<p>Visite a se\u00e7\u00e3o de servi\u00e7os e conhe\u00e7a mais o nosso trabalho![\/vc_column_text][\/vc_column_inner][vc_column_inner width=&#8221;1\/2&#8243;][vc_single_image image=&#8221;9913&#8243; img_size=&#8221;full&#8221; alignment=&#8221;center&#8221;][\/vc_column_inner][\/vc_row_inner]<hr class=\"vertical-space2\">[\/vc_column][\/vc_row]<\/p>\n","protected":false},"excerpt":{"rendered":"<p>[vc_row blox_class=&#8221;brdr-b1e&#8221;][vc_column][vc_row_inner][vc_column_inner width=&#8221;1\/2&#8243;][vc_column_text] A SOS Abelhas foi fundada em 1984\u00a0anos pelo apicultor Ant\u00f4nio Padovani Junior (Toninho das Abelhas). Somos especializados na captura e remo\u00e7\u00e3o de colm\u00e9ias de abelhas, ninhos de vespas, marimbondos e morcegos de locais impr\u00f3prios em toda Grande S\u00e3o Paulo e adjac\u00eancias. Todos os procedimentos s\u00e3o realizados sem ocasionar ou promover nenhum dano aos insetos e ao meio ambiente. Visite a se\u00e7\u00e3o de servi\u00e7os e conhe\u00e7a mais o nosso trabalho![\/vc_column_text][\/vc_column_inner][vc_column_inner width=&#8221;1\/2&#8243;][vc_single_image image=&#8221;9913&#8243; img_size=&#8221;full&#8221; alignment=&#8221;center&#8221;][\/vc_column_inner][\/vc_row_inner][\/vc_column][\/vc_row]<\/p>\n","protected":false},"author":1,"featured_media":0,"parent":0,"menu_order":0,"comment_status":"closed","ping_status":"closed","template":"","meta":[],"_links":{"self":[{"href":"https:\/\/www.sosabelhas.com\/novo\/wp-json\/wp\/v2\/pages\/9916"}],"collection":[{"href":"https:\/\/www.sosabelhas.com\/novo\/wp-json\/wp\/v2\/pages"}],"about":[{"href":"https:\/\/www.sosabelhas.com\/novo\/wp-json\/wp\/v2\/types\/page"}],"author":[{"embeddable":true,"href":"https:\/\/www.sosabelhas.com\/novo\/wp-json\/wp\/v2\/users\/1"}],"replies":[{"embeddable":true,"href":"https:\/\/www.sosabelhas.com\/novo\/wp-json\/wp\/v2\/comments?post=9916"}],"version-history":[{"count":10,"href":"https:\/\/www.sosabelhas.com\/novo\/wp-json\/wp\/v2\/pages\/9916\/revisions"}],"predecessor-version":[{"id":10093,"href":"https:\/\/www.sosabelhas.com\/novo\/wp-json\/wp\/v2\/pages\/9916\/revisions\/10093"}],"wp:attachment":[{"href":"https:\/\/www.sosabelhas.com\/novo\/wp-json\/wp\/v2\/media?parent=9916"}],"curies":[{"name":"wp","href":"https:\/\/api.w.org\/{rel}","templated":true}]}}