{"id":10120,"date":"2020-02-06T15:01:34","date_gmt":"2020-02-06T18:01:34","guid":{"rendered":"https:\/\/www.sosabelhas.com\/novo\/?page_id=10120"},"modified":"2023-08-17T14:51:36","modified_gmt":"2023-08-17T17:51:36","slug":"lojas","status":"publish","type":"page","link":"https:\/\/www.sosabelhas.com\/novo\/lojas\/","title":{"rendered":"Lojas"},"content":{"rendered":"<p>[vc_row][vc_column width=&#8221;1\/3&#8243;][vc_images_carousel images=&#8221;10121&#8243; img_size=&#8221;full&#8221;][vc_column_text]<\/p>\n<h3 style=\"text-align: center;\">Santo Andr\u00e9<\/h3>\n<p style=\"text-align: center;\">Alameda S\u00e3o Caetano, 1273 &#8211; Campestre<br \/>\n<i class=\"fa fa-phone\"><\/i>(11) 4421.8396<br \/>\n<a href=\"https:\/\/api.whatsapp.com\/send?phone=5511972329584\"><i class=\"fa fa-whatsapp\"><\/i> 97232.9584<\/a><\/p>\n<p>[\/vc_column_text][\/vc_column][vc_column width=&#8221;1\/3&#8243;][vc_images_carousel images=&#8221;10122&#8243; img_size=&#8221;full&#8221;][vc_column_text]<\/p>\n<h3 style=\"text-align: center;\">S\u00e3o Caetano do Sul<\/h3>\n<p style=\"text-align: center;\">Rua Alegre, 1261 &#8211; Barcelona (Ao lado da Academia Bluefit)<br \/>\n<i class=\"fa fa-phone\"><\/i>(11) 4221-6690<br \/>\n<a href=\"https:\/\/api.whatsapp.com\/send?phone=5511972329584\"><i class=\"fa fa-whatsapp\"><\/i> 97232.9584<\/a><\/p>\n<p>[\/vc_column_text][\/vc_column][vc_column width=&#8221;1\/3&#8243;][vc_images_carousel images=&#8221;10123,10124&#8243; img_size=&#8221;full&#8221;][vc_column_text]<\/p>\n<h3 style=\"text-align: center;\">S\u00e3o Bernardo do Campo<\/h3>\n<p style=\"text-align: center;\">Rua Engenheiro Lu\u00eds Scala J\u00fanior, 186 &#8211; Rudge Ramos<br \/>\n<i class=\"fa fa-phone\"><\/i>(11) 2374-4130<br \/>\n<a href=\"https:\/\/api.whatsapp.com\/send?phone=5511972329584\"><i class=\"fa fa-whatsapp\"><\/i> 97232.9584<\/a><\/p>\n<p>[\/vc_column_text][\/vc_column][\/vc_row][vc_row][vc_column][vc_column_text]<\/p>\n<h3 style=\"text-align: center;\">V\u00eddeos de nossos espa\u00e7os<\/h3>\n<p>[\/vc_column_text][\/vc_column][\/vc_row][vc_row][vc_column width=&#8221;1\/3&#8243;][vc_video link=&#8221;https:\/\/www.youtube.com\/watch?v=RXzdBgfRO64&#8243; align=&#8221;center&#8221;][\/vc_column][vc_column width=&#8221;1\/3&#8243;][vc_video link=&#8221;https:\/\/www.youtube.com\/watch?v=eGzILuVV9rE&#8221; align=&#8221;center&#8221;][\/vc_column][vc_column width=&#8221;1\/3&#8243;][vc_video link=&#8221;https:\/\/www.youtube.com\/watch?v=T_MjCluUh-A&#8221; align=&#8221;center&#8221;][\/vc_column][\/vc_row][vc_row][vc_column width=&#8221;1\/3&#8243;][vc_video link=&#8221;https:\/\/www.youtube.com\/watch?v=bfs9kWivHcc&#8221; align=&#8221;center&#8221;][\/vc_column][vc_column width=&#8221;1\/3&#8243;][vc_video link=&#8221;https:\/\/www.youtube.com\/watch?v=gyjCGmVeLWY&#8221; align=&#8221;center&#8221;][\/vc_column][vc_column width=&#8221;1\/3&#8243;][\/vc_column][\/vc_row]<\/p>\n","protected":false},"excerpt":{"rendered":"<p>[vc_row][vc_column width=&#8221;1\/3&#8243;][vc_images_carousel images=&#8221;10121&#8243; img_size=&#8221;full&#8221;][vc_column_text] Santo Andr\u00e9 Alameda S\u00e3o Caetano, 1273 &#8211; Campestre (11) 4421.8396 97232.9584 [\/vc_column_text][\/vc_column][vc_column width=&#8221;1\/3&#8243;][vc_images_carousel images=&#8221;10122&#8243; img_size=&#8221;full&#8221;][vc_column_text] S\u00e3o Caetano do Sul Rua Alegre, 1261 &#8211; Barcelona (Ao lado da Academia Bluefit) (11) 4221-6690 97232.9584 [\/vc_column_text][\/vc_column][vc_column width=&#8221;1\/3&#8243;][vc_images_carousel images=&#8221;10123,10124&#8243; img_size=&#8221;full&#8221;][vc_column_text] S\u00e3o Bernardo do Campo Rua Engenheiro Lu\u00eds Scala J\u00fanior, 186 &#8211; Rudge Ramos (11) 2374-4130 97232.9584 [\/vc_column_text][\/vc_column][\/vc_row][vc_row][vc_column][vc_column_text] V\u00eddeos de nossos espa\u00e7os [\/vc_column_text][\/vc_column][\/vc_row][vc_row][vc_column width=&#8221;1\/3&#8243;][vc_video link=&#8221;https:\/\/www.youtube.com\/watch?v=RXzdBgfRO64&#8243; align=&#8221;center&#8221;][\/vc_column][vc_column width=&#8221;1\/3&#8243;][vc_video link=&#8221;https:\/\/www.youtube.com\/watch?v=eGzILuVV9rE&#8221; align=&#8221;center&#8221;][\/vc_column][vc_column width=&#8221;1\/3&#8243;][vc_video link=&#8221;https:\/\/www.youtube.com\/watch?v=T_MjCluUh-A&#8221; align=&#8221;center&#8221;][\/vc_column][\/vc_row][vc_row][vc_column width=&#8221;1\/3&#8243;][vc_video link=&#8221;https:\/\/www.youtube.com\/watch?v=bfs9kWivHcc&#8221; align=&#8221;center&#8221;][\/vc_column][vc_column width=&#8221;1\/3&#8243;][vc_video link=&#8221;https:\/\/www.youtube.com\/watch?v=gyjCGmVeLWY&#8221; align=&#8221;center&#8221;][\/vc_column][vc_column width=&#8221;1\/3&#8243;][\/vc_column][\/vc_row]<\/p>\n","protected":false},"author":1,"featured_media":0,"parent":0,"menu_order":0,"comment_status":"closed","ping_status":"closed","template":"","meta":[],"_links":{"self":[{"href":"https:\/\/www.sosabelhas.com\/novo\/wp-json\/wp\/v2\/pages\/10120"}],"collection":[{"href":"https:\/\/www.sosabelhas.com\/novo\/wp-json\/wp\/v2\/pages"}],"about":[{"href":"https:\/\/www.sosabelhas.com\/novo\/wp-json\/wp\/v2\/types\/page"}],"author":[{"embeddable":true,"href":"https:\/\/www.sosabelhas.com\/novo\/wp-json\/wp\/v2\/users\/1"}],"replies":[{"embeddable":true,"href":"https:\/\/www.sosabelhas.com\/novo\/wp-json\/wp\/v2\/comments?post=10120"}],"version-history":[{"count":15,"href":"https:\/\/www.sosabelhas.com\/novo\/wp-json\/wp\/v2\/pages\/10120\/revisions"}],"predecessor-version":[{"id":10537,"href":"https:\/\/www.sosabelhas.com\/novo\/wp-json\/wp\/v2\/pages\/10120\/revisions\/10537"}],"wp:attachment":[{"href":"https:\/\/www.sosabelhas.com\/novo\/wp-json\/wp\/v2\/media?parent=10120"}],"curies":[{"name":"wp","href":"https:\/\/api.w.org\/{rel}","templated":true}]}}